 digit of 38659960?
6
What is the ten thousands digit of 7550669503?
6
What is the millions digit of 68227168?
8
What is the hundred millions digit of 2179853087?
1
What is the hundred thousands digit of 278301531?
3
What is the thousands digit of 69313946?
3
What is the units digit of 536247007?
7
What is the tens digit of 177979573?
7
What is the millions digit of 5494876314?
4
What is the millions digit of 4668708?
4
What is the thousands digit of 39924371?
4
What is the hundred millions digit of 2192336158?
1
What is the units digit of 1070850249?
9
What is the ten millions digit of 6763153205?
6
What is the units digit of 71469497?
7
What is the millions digit of 2144068972?
4
What is the ten thousands digit of 385834016?
3
What is the ten thousands digit of 61084645?
8
What is the hundreds digit of 294592310?
3
What is the hundreds digit of 1274338560?
5
What is the hundred millions digit of 643779926?
6
What is the hundreds digit of 194129844?
8
What is the ten thousands digit of 85557786?
5
What is the hundred millions digit of 172295700?
1
What is the ten millions digit of 2442998598?
4
What is the hundred thousands digit of 1281875000?
8
What is the thousands digit of 1609044989?
4
What is the tens digit of 56480545?
4
What is the ten millions digit of 86823641?
8
What is the millions digit of 3268991962?
8
What is the thousands digit of 716347018?
7
What is the hundred thousands digit of 419976125?
9
What is the hundreds digit of 29124672?
6
What is the ten thousands digit of 95234999?
3
What is the units digit of 883276357?
7
What is the units digit of 1084689077?
7
What is the thousands digit of 4478971693?
1
What is the thousands digit of 61570403?
0
What is the ten millions digit of 8051966139?
5
What is the hundred thousands digit of 734262395?
2
What is the hundred thousands digit of 636413917?
4
What is the thousands digit of 4404456?
4
What is the hundred millions digit of 110790071?
1
What is the tens digit of 185444123?
2
What is the thousands digit of 19855718?
5
What is the millions digit of 196347225?
6
What is the tens digit of 134674759?
5
What is the hundred millions digit of 2868470267?
8
What is the ten millions digit of 4279542415?
7
What is the hundred millions digit of 912921471?
9
What is the ten millions digit of 105010026?
0
What is the millions digit of 383716862?
3
What is the hundreds digit of 263241899?
8
What is the tens digit of 4493906?
0
What is the thousands digit of 270493362?
3
What is the millions digit of 685687579?
5
What is the tens digit of 1605586256?
5
What is the millions digit of 14046416?
4
What is the hundred millions digit of 1843866904?
8
What is the millions digit of 59963332?
9
What is the thousands digit of 2425947947?
7
What is the ten thousands digit of 77451083?
5
What is the units digit of 253225073?
3
What is the ten thousands digit of 42327157?
2
What is the millions digit of 108388117?
8
What is the thousands digit of 514891428?
1
What is the thousands digit of 3598080629?
0
What is the thousands digit of 37278936?
8
What is the units digit of 86472332?
2
What is the ten millions digit of 2883553392?
8
What is the ten thousands digit of 45953943?
5
What is the ten millions digit of 867127469?
6
What is the units digit of 92741958?
8
What is the ten millions digit of 4485994984?
8
What is the ten millions digit of 717567468?
1
What is the units digit of 174547918?
8
What is the thousands digit of 206947546?
7
What is the hundred millions digit of 1038047992?
0
What is the hundred thousands digit of 3378314541?
3
What is the hundred millions digit of 5299446607?
2
What is the thousands digit of 4003223?
3
What is the ten millions digit of 1636462266?
3
What is the millions digit of 13314639?
3
What is the ten millions digit of 380169934?
8
What is the thousands digit of 166704823?
4
What is the billions digit of 2584564069?
2
What is the units digit of 49619762?
2
What is the tens digit of 1440080205?
0
What is the hundreds digit of 23990956?
9
What is the thousands digit of 184310813?
0
What is the millions digit of 28896887?
8
What is the hundred millions digit of 159866435?
1
What is the hundred millions digit of 137666121?
1
What is the millions digit of 154076884?
4
What is the thousands digit of 78687753?
7
What is the hundred millions digit of 479590610?
4
What is the units digit of 190287965?
5
What is the tens digit of 99244702?
0
What is the billions digit of 1903183756?
1
What is the hundred thousands digit of 4970559454?
5
What is the tens digit of 21874986?
8
What is the hundred thousands digit of 147994489?
9
What is the hundred thousands digit of 774062077?
0
What is the hundred thousands digit of 309931975?
9
What is the tens digit of 11617287?
8
What is the hundred thousands digit of 571909310?
9
What is the thousands digit of 2535100243?
0
What is the tens digit of 133974555?
5
What is the units digit of 602110832?
2
What is the ten millions digit of 259551570?
5
What is the ten thousands digit of 16154691?
5
What is the hundred thousands digit of 42010395?
0
What is the tens digit of 257900501?
0
What is the hundreds digit of 45590891?
8
What is the hundred thousands digit of 53632329?
6
What is the millions digit of 27827808?
7
What is the tens digit of 34877071?
7
What is the hundred thousands digit of 1187877447?
8
What is the units digit of 832483902?
2
What is the millions digit of 1606702?
1
What is the hundred thousands digit of 430620360?
6
What is the units digit of 1842728643?
3
What is the hundred thousands digit of 22060935?
0
What is the billions digit of 4816587029?
4
What is the units digit of 11932228?
8
What is the ten millions digit of 103463861?
0
What is the ten millions digit of 18514166?
1
What is the tens digit of 5197776814?
1
What is the hundred millions digit of 228640087?
2
What is the hundred thousands digit of 367865947?
8
What is the millions digit of 214428250?
4
What is the tens digit of 2430819942?
4
What is the hundred millions digit of 1326106294?
3
What is the ten millions digit of 31202169?
3
What is the millions digit of 327244478?
7
What is the millions digit of 94081533?
4
What is the ten millions digit of 2617224739?
1
What is the ten thousands digit of 193258144?
5
What is the ten millions digit of 69453234?
6
What is the ten thousands digit of 108210595?
1
What is the ten thousands digit of 2493919601?
1
What is the millions digit of 66154401?
6
What is the hundred millions digit of 262188098?
2
What is the thousands digit of 617528570?
8
What is the hundreds digit of 318025360?
3
What is the millions digit of 952280754?
2
What is the thousands digit of 430899813?
9
What is the ten thousands digit of 199604346?
0
What is the ten thousands digit of 369139741?
3
What is the ten thousands digit of 13887805?
8
What is the ten millions digit of 973463531?
7
What is the hundred thousands digit of 616045377?
0
What is the millions digit of 3376375392?
6
What is the units digit of 3541007865?
5
What is the hundreds digit of 199964708?
7
What is the thousands digit of 142572937?
2
What is the thousands digit of 2234056130?
6
What is the hundred thousands digit of 118556168?
5
What is the hundreds digit of 24587461?
4
What is the ten thousands digit of 115791257?
9
What is the millions digit of 88827563?
8
What is the hundred millions digit of 642054132?
6
What is the hundred millions digit of 121284663?
1
What is the hundreds digit of 787398309?
3
What is the units digit of 238631797?
7
What is the ten thousands digit of 105250656?
5
What is the hundred thousands digit of 399935306?
9
What is the tens digit of 506103283?
8
What is the ten millions digit of 183725008?
8
What is the tens digit of 329476023?
2
What is the hundred thousands digit of 53064385?
0
What is the ten thousands digit of 92082945?
8
What is the hundred thousands digit of 876026506?
0
What is the tens digit of 14461261?
6
What is the hundred millions digit of 1432344865?
4
What is the billions digit of 2389011960?
2
What is the hundred thousands digit of 851239150?
2
What is the millions digit of 4153642238?
3
What is the ten thousands digit of 261768924?
6
What is the hundred thousands digit of 161771074?
7
What is the millions digit of 50932502?
0
W